re the prime factors of 31751?
31751
List the prime factors of 9668.
2, 2417
What are the prime factors of 77914?
2, 163, 239
What are the prime factors of 25822?
2, 12911
List the prime factors of 5005.
5, 7, 11, 13
List the prime factors of 1233.
3, 137
List the prime factors of 142907.
142907
List the prime factors of 3105.
3, 5, 23
List the prime factors of 11156.
2, 2789
What are the prime factors of 5194?
2, 7, 53
List the prime factors of 27325.
5, 1093
What are the prime factors of 14303?
14303
List the prime factors of 9783.
3, 1087
What are the prime factors of 5780?
2, 5, 17
List the prime factors of 2484.
2, 3, 23
What are the prime factors of 265?
5, 53
What are the prime factors of 2303?
7, 47
What are the prime factors of 1006?
2, 503
List the prime factors of 420.
2, 3, 5, 7
What are the prime factors of 2479?
37, 67
What are the prime factors of 4315?
5, 863
What are the prime factors of 27406?
2, 71, 193
List the prime factors of 1774.
2, 887
What are the prime factors of 64428?
2, 3, 7, 13, 59
What are the prime factors of 10433?
10433
List the prime factors of 965.
5, 193
List the prime factors of 53782.
2, 26891
What are the prime factors of 17895?
3, 5, 1193
What are the prime factors of 904?
2, 113
List the prime factors of 1336.
2, 167
What are the prime factors of 133?
7, 19
List the prime factors of 29760.
2, 3, 5, 31
What are the prime factors of 3553?
11, 17, 19
List the prime factors of 221.
13, 17
What are the prime factors of 1323?
3, 7
List the prime factors of 147.
3, 7
What are the prime factors of 25555?
5, 19, 269
List the prime factors of 13890.
2, 3, 5, 463
List the prime factors of 15420.
2, 3, 5, 257
What are the prime factors of 574?
2, 7, 41
What are the prime factors of 19214?
2, 13, 739
What are the prime factors of 59594?
2, 83, 359
What are the prime factors of 4710?
2, 3, 5, 157
What are the prime factors of 26230?
2, 5, 43, 61
List the prime factors of 60767.
7, 8681
List the prime factors of 150752.
2, 7, 673
What are the prime factors of 4441?
4441
What are the prime factors of 13699?
7, 19, 103
What are the prime factors of 2220?
2, 3, 5, 37
What are the prime factors of 41603?
41603
List the prime factors of 604.
2, 151
What are the prime factors of 3593?
3593
What are the prime factors of 1138?
2, 569
What are the prime factors of 296?
2, 37
List the prime factors of 35227.
35227
What are the prime factors of 3976?
2, 7, 71
List the prime factors of 4754.
2, 2377
What are the prime factors of 16361?
16361
List the prime factors of 10558.
2, 5279
List the prime factors of 283.
283
List the prime factors of 3007.
31, 97
List the prime factors of 5982.
2, 3, 997
List the prime factors of 4142.
2, 19, 109
What are the prime factors of 392?
2, 7
What are the prime factors of 9847?
43, 229
What are the prime factors of 31104?
2, 3
What are the prime factors of 25930?
2, 5, 2593
What are the prime factors of 131?
131
List the prime factors of 93408.
2, 3, 7, 139
What are the prime factors of 20610?
2, 3, 5, 229
List the prime factors of 12902.
2, 6451
What are the prime factors of 1234?
2, 617
List the prime factors of 734.
2, 367
List the prime factors of 184392.
2, 3, 13, 197
What are the prime factors of 5340?
2, 3, 5, 89
List the prime factors of 1926.
2, 3, 107
What are the prime factors of 1217?
1217
List the prime factors of 3520.
2, 5, 11
What are the prime factors of 980?
2, 5, 7
What are the prime factors of 3555?
3, 5, 79
What are the prime factors of 13377?
3, 7, 13
What are the prime factors of 3652?
2, 11, 83
What are the prime factors of 15756?
2, 3, 13, 101
List the prime factors of 13093.
13093
List the prime factors of 145.
5, 29
What are the prime factors of 3946?
2, 1973
What are the prime factors of 13594?
2, 7, 971
What are the prime factors of 69993?
3, 7, 11, 101
What are the prime factors of 272?
2, 17
List the prime factors of 2225.
5, 89
List the prime factors of 12870.
2, 3, 5, 11, 13
What are the prime factors of 7426?
2, 47, 79
What are the prime factors of 3484?
2, 13, 67
List the prime factors of 1055.
5, 211
What are the prime factors of 106274?
2, 7, 7591
List the prime factors of 1251.
3, 139
What are the prime factors of 849?
3, 283
List the prime factors of 16637.
127, 131
List the prime factors of 1977.
3, 659
What are the prime factors of 15389?
11, 1399
List the prime factors of 23617.
11, 19, 113
List the prime factors of 789.
3, 263
What are the prime factors of 1138?
2, 569
What are the prime factors of 47202?
2, 3, 7867
What are the prime factors of 57859?
57859
What are the prime factors of 19376?
2, 7, 173
List the prime factors of 3970.
2, 5, 397
List the prime factors of 2396.
2, 599
What are the prime factors of 20088?
2, 3, 31
What are the prime factors of 550?
2, 5, 11
List the prime factors of 110418.
2, 3, 7, 11, 239
List the prime factors of 24122.
2, 7, 1723
List the prime factors of 5319.
3, 197
What are the prime factors of 10145?
5, 2029
What are the prime factors of 54562?
2, 27281
What are the prime factors of 989?
23, 43
List the prime factors of 14537.
14537
What are the prime factors of 2114?
2, 7, 151
List the prime factors of 1240.
2, 5, 31
What are the prime factors of 2549?
2549
List the prime factors of 41447.
7, 31, 191
List the prime factors of 3074.
2, 29, 53
List the prime factors of 4167.
3, 463
What are the prime factors of 3793?
3793
List the prime factors of 8569.
11, 19, 41
List the prime factors of 39303.
3, 11, 397
List the prime factors of 13849.
11, 1259
What are the prime factors of 43190?
2, 5, 7, 617
What are the prime factors of 55522?
2, 17, 23, 71
What are the prime factors of 34847?
34847
What are the prime factors of 8419?
8419
List the prime factors of 6748.
2, 7, 241
List the prime factors of 4851.
3, 7, 11
List the prime factors of 20977.
11, 1907
List the prime factors of 262.
2, 131
List the prime factors of 8851.
53, 167
What are the prime factors of 3334?
2, 1667
What are the prime factors of 46530?
2, 3, 5, 11, 47
List the prime factors of 439.
439
List the prime factors of 40861.
29, 1409
List the prime factors of 13751.
13751
What are the prime factors of 103107?
3, 34369
What are the prime factors of 2101?
11, 191
List the prime factors of 2188.
2, 547
What are the prime factors of 1578?
2, 3, 263
What are the prime factors of 31008?
2, 3, 17, 19
What are the prime factors of 14292?
2, 3, 397
List the prime factors of 124337.
124337
List the prime factors of 99211.
7, 14173
List the prime factors of 9201.
3, 3067
What are the prime factors of 1461?
3, 487
What are the prime factors of 3997?
7, 571
What are the prime factors of 13544?
2, 1693
What are the prime factors of 422?
2, 211
What are the prime factors of 16021?
37, 433
What are the prime factors of 35092?
2, 31, 283
What are the prime factors of 8425?
5, 337
List the prime factors of 11471.
11471
What are the prime factors of 1486?
2, 743
List the prime factors of 16383.
3, 43, 127
List the prime factors of 6066.
2, 3, 337
What are the prime factors of 3604?
2, 17, 53
List the prime factors of 847.
7, 11
List the prime factors of 4041.
3, 449
What are the prime factors of 642?
2, 3, 107
List the prime factors of 3326.
2, 1663
List the prime factors of 1331.
11
What are the prime factors of 204?
2, 3, 17
List the prime factors of 38585.
5, 7717
List the prime factors of 292.
2, 73
List the prime factors of 8436.
2, 3, 19, 37
List the prime factors of 20472.
2, 3, 853
What are the prime factors of 52071?
3, 17, 1021
List the prime factors of 46111.
13, 3547
List the prime factors of 1218.
2, 3, 7, 29
List the prime factors of 15693.
3, 5231
List the prime factors of 1207.
17, 71
What are the prime factors of 3345?
3, 5, 223
What are the prime factors of 495?
3, 5, 11
List the prime factors of 140150.
2, 5, 2803
What are the prime factors of 10551?
3, 3517
What are the prime factors of 3333?
3, 11, 101
List the prime factors of 8044.
2, 2011
What are the prime factors of 4926?
2, 3, 821
What are the prime factors of 5917?
61, 97
What are the prime factors of 22058?
2, 41, 269
List the prime factors of 16574.
2, 8287
What are the prime factors of 28744?
2, 3593
List the prime factors of 3587.
17, 211
List the prime factors of 695.
5, 139
Wha